4959?
True
Does 26 divide 5250?
False
Is 23 a factor of 19212?
False
Is 196 a multiple of 49?
True
Is 93281 a multiple of 323?
False
Does 39 divide 397?
False
Is 4 a factor of 70?
False
Does 3 divide 871?
False
Is 10494 a multiple of 66?
True
Does 20 divide 11008?
False
Does 64 divide 31871?
False
Does 19 divide 24738?
True
Is 9882 a multiple of 162?
True
Is 22 a factor of 769?
False
Is 21 a factor of 13970?
False
Is 2 a factor of 4616?
True
Is 26 a factor of 93706?
False
Does 35 divide 5349?
False
Is 588 a multiple of 14?
True
Is 60230 a multiple of 317?
True
Does 101 divide 2828?
True
Is 18610 a multiple of 10?
True
Is 106 a factor of 424?
True
Is 19 a factor of 15644?
False
Does 12 divide 72?
True
Does 72 divide 2088?
True
Does 6 divide 35250?
True
Is 30 a factor of 104312?
False
Is 6688 a multiple of 25?
False
Is 2132 a multiple of 52?
True
Does 11 divide 966?
False
Does 231 divide 7359?
False
Is 5 a factor of 3250?
True
Is 19 a factor of 30647?
True
Does 299 divide 1320?
False
Is 38 a factor of 3434?
False
Is 16 a factor of 1321?
False
Is 1715 a multiple of 25?
False
Is 26 a factor of 458?
False
Does 34 divide 1183?
False
Is 68 a factor of 101116?
True
Does 32 divide 115?
False
Does 30 divide 353?
False
Does 15 divide 8149?
False
Is 1036 a multiple of 7?
True
Is 156 a multiple of 12?
True
Is 38425 a multiple of 75?
False
Is 12 a factor of 80?
False
Does 67 divide 1057?
False
Does 58 divide 4515?
False
Does 81 divide 92374?
False
Is 13 a factor of 9845?
False
Is 148 a factor of 5173?
False
Is 15 a factor of 4110?
True
Is 13498 a multiple of 162?
False
Is 2988 a multiple of 18?
True
Is 7854 a multiple of 21?
True
Is 12 a factor of 239?
False
Is 13 a factor of 52?
True
Is 17 a factor of 6834?
True
Is 2 a factor of 1111?
False
Is 14 a factor of 34?
False
Is 10 a factor of 2826?
False
Does 9 divide 855?
True
Is 75520 a multiple of 32?
True
Is 1849 a multiple of 56?
False
Is 744 a multiple of 62?
True
Is 3129 a multiple of 7?
True
Does 27 divide 2633?
False
Does 9 divide 673?
False
Is 19 a factor of 7141?
False
Is 14527 a multiple of 46?
False
Is 468 a multiple of 46?
False
Does 31 divide 75?
False
Does 64 divide 54912?
True
Is 105336 a multiple of 12?
True
Does 75 divide 1410?
False
Is 3 a factor of 41?
False
Is 25 a factor of 4950?
True
Does 14 divide 139619?
False
Is 1763 a multiple of 23?
False
Is 5564 a multiple of 26?
True
Is 29 a factor of 3260?
False
Does 14 divide 882?
True
Does 35 divide 4748?
False
Is 3034 a multiple of 152?
False
Is 265 a multiple of 3?
False
Is 3 a factor of 105?
True
Is 2400 a multiple of 120?
True
Does 12 divide 132?
True
Is 224 a factor of 59136?
True
Is 8 a factor of 51?
False
Is 132 a factor of 43402?
False
Is 6220 a multiple of 4?
True
Is 37 a factor of 67969?
True
Is 139 a factor of 26840?
False
Is 35471 a multiple of 79?
True
Is 13 a factor of 70476?
False
Is 27 a factor of 245?
False
Does 15 divide 1615?
False
Is 6 a factor of 270?
True
Does 4 divide 20136?
True
Does 9 divide 594?
True
Is 15 a factor of 405?
True
Does 53 divide 11077?
True
Does 196 divide 1867?
False
Is 121 a factor of 7157?
False
Does 13 divide 1339?
True
Is 10 a factor of 740?
True
Is 183 a multiple of 3?
True
Is 121 a multiple of 9?
False
Does 120 divide 20777?
False
Is 40 a factor of 840?
True
Is 37 a factor of 2257?
True
Does 24 divide 63960?
True
Is 128 a multiple of 2?
True
Is 3023 a multiple of 49?
False
Is 103 a factor of 4841?
True
Is 1375 a multiple of 11?
True
Is 7 a factor of 728?
True
Is 36050 a multiple of 175?
True
Is 2 a factor of 7648?
True
Is 3670 a multiple of 160?
False
Is 8558 a multiple of 10?
False
Does 11 divide 132?
True
Is 58 a factor of 55105?
False
Does 11 divide 4389?
True
Is 880 a multiple of 16?
True
Is 10243 a multiple of 100?
False
Is 4485 a multiple of 13?
True
Does 5 divide 1440?
True
Is 4740 a multiple of 30?
True
Does 21 divide 945?
True
Is 10 a factor of 340?
True
Does 274 divide 30688?
True
Does 144 divide 5040?
True
Does 204 divide 33864?
True
Does 33 divide 460?
False
Does 2 divide 136?
True
Does 14 divide 2555?
False
Is 816 a multiple of 166?
False
Is 72 a factor of 1584?
True
Does 144 divide 59328?
True
Is 2 a factor of 2021?
False
Is 10027 a multiple of 21?
False
Is 23145 a multiple of 78?
False
Is 304 a multiple of 8?
True
Is 37 a factor of 6031?
True
Does 8 divide 8?
True
Is 9 a factor of 1874?
False
Is 48 a factor of 568?
False
Is 9 a factor of 225?
True
Is 8316 a multiple of 36?
True
Is 18 a factor of 2358?
True
Is 2112 a multiple of 6?
True
Is 77 a factor of 10513?
False
Is 15 a factor of 1680?
True
Does 9 divide 8028?
True
Is 28 a factor of 1535?
False
Is 33 a factor of 439?
False
Does 18 divide 1710?
True
Is 72 a multiple of 6?
True
Is 68 a factor of 64668?
True
Is 6 a factor of 346?
False
Is 899 a multiple of 31?
True
Is 12 a factor of 95?
False
Is 2224 a multiple of 22?
False
Is 45 a factor of 338?
False
Is 33 a factor of 2511?
False
Is 20660 a multiple of 10?
True
Does 35 divide 489?
False
Does 9 divide 36?
True
Is 6534 a multiple of 22?
True
Does 12 divide 9922?
False
Is 2 a factor of 992?
True
Is 437 a multiple of 23?
True
Is 11 a factor of 56331?
True
Does 15 divide 262?
False
Is 48 a factor of 346?
False
Is 3 a factor of 297?
True
Is 10037 a multiple of 30?
False
Does 4 divide 92?
True
Does 18 divide 72?
True
Is 28 a factor of 84?
True
Is 58860 a multiple of 36?
True
Is 6 a factor of 1969?
False
Is 18 a factor of 648?
True
Is 14 a factor of 548?
False
Is 4113 a multiple of 9?
True
Is 6 a factor of 2748?
True
Does 92 divide 22540?
True
Is 8 a factor of 656?
True
Does 79 divide 474?
True
Is 699 a multiple of 52?
False
Is 98 a factor of 9114?
True
Is 27 a factor of 634?
False
Is 10 a factor of 1219?
False
Is 853 a multiple of 16?
False
Is 57 a factor of 10773?
True
Is 2474 a multiple of 18?
False
Is 25 a factor of 26611?
False
Is 92 a factor of 1177?
False
Is 11 a factor of 1167?
False
Does 12 divide 36252?
True
Does 11 divide 29194?
True
Is 3438 a multiple of 17?
False
Does 110 divide 3410?
True
Is 17 a factor of 9955?
False
Is 660 a multiple of 66?
True
Does 23 divide 64080?
False
Does 10 divide 1782?
False
Is 24237 a multiple of 16?
False
Is 3266 a multiple of 23?
True
Is 1966 a multiple of 8?
False
Does 14 divide 5922?
True
Does 120 divide 1796?
False
Is 5 a factor of 42103?
False
Is 45 a factor of 35199?
False
Is 1109 a multiple of 18?
False
Does 7 divide 294?
True
Is 20 a factor of 5900?
True
Is 1324 a multiple of 5?
False
Is 43 a factor of 178?
False
Does 15 divide 7020?
True
Does 15 divide 1169?
False
Is 8 a factor of 3111?
False
Does 35 divide 12238?
False
Is 18 a factor of 759?
False
Does 5 divide 340?
True
Does 4 divide 264?
True
Does 19 divide 1900?
True
Is 18 a factor of 4517?
False
Is 40 a factor of 19960?
True
Does 108 divide 14364?
True
Does 3 divide 422?
False
Does 39 divide 975?
True
Is 73 a factor of 21316?
True
Is 5 a factor of 2725?
True
Is 3406 a multiple of 131?
True
Is 24 a factor of 4104?
True
Is 14776 a multiple of 19?
False
Does 18 divide 7830?
True
Is 96 a factor of 942?
False
Is 2 a factor of 80?
True
Is 27349 a multiple of 10?
False
Is 35 a factor of 2415?
True
Is 13032 a multiple of 8?
True
Is 2456 a multiple of 37?
False
Does 55 divide 3355?
True
Is 32 a factor of 1101?
False
Is 2347 a multiple of 14?
False
Is 16 a factor of 190?
False
Is 69 a multiple of 23?
True
Is 1160 a multiple of 29?
True
Is 516 a multiple of 6?
True
Does 140 divide 7584?
False
Does 43 divide 4421?
False
Is 41 a factor of 17011?
False
Is 9040 a multiple of 87?
False
Is 10272 a multiple of 48?
True
Is 12 a factor of 120?
True
Is 14186 a multiple of 82?
True
Is 2696 a multiple of 13?
False
Is 104 a factor of 4368?
True
Does 46 divide 9673?
False
Does 45 divide 1994?
False
Is 5 a factor of 98?
False
Does 20 divide 620?
True
Is 19121 a multiple of 18?
False
Is 97 a factor of 3487?
False
Does 16 divide 1024?
True
Is 1465 a multiple of 24?
False
Is 17696 a multiple of 56?
True
Does 33 divide 9060?
False
Is 800 a multiple of 10?
True
Is 7735 a multiple of 15?
False
Is 10 a factor of 240?
True
Is 13 a factor of 16159?
True
Does 7 divide 42098?
True
Is 15877 a multiple of 20?
False
Is 84 a factor of 449?
False
Is 63817 a multiple of 49?
False
Is 83 a factor of 3497?
False
Is 63329 a m